{"id":529,"date":"2019-06-18T15:15:56","date_gmt":"2019-06-18T15:15:56","guid":{"rendered":"http:\/\/colegioangol.cl\/New\/?page_id=529"},"modified":"2020-10-29T23:20:18","modified_gmt":"2020-10-29T23:20:18","slug":"directora","status":"publish","type":"page","link":"https:\/\/colegioangol.cl\/New\/colegio\/directora\/","title":{"rendered":"Palabras de la Directora"},"content":{"rendered":"<p>[et_pb_section fb_built=\u00bb1&#8243; _builder_version=\u00bb4.4.6&#8243; background_color=\u00bb#c6c6c6&#8243;][et_pb_row _builder_version=\u00bb4.4.6&#8243; hover_enabled=\u00bb0&#8243; background_color=\u00bb#7f1616&#8243; border_radii=\u00bbon|12px|12px|12px|12px\u00bb height=\u00bb100px\u00bb height_last_edited=\u00bbon|phone\u00bb height_tablet=\u00bb100px\u00bb height_phone=\u00bb100px\u00bb custom_padding=\u00bb|||25px|false|false\u00bb][et_pb_column type=\u00bb4_4&#8243; _builder_version=\u00bb3.26.3&#8243;][et_pb_text _builder_version=\u00bb4.4.6&#8243; hover_enabled=\u00bb0&#8243; header_text_color=\u00bb#ffffff\u00bb header_text_shadow_style=\u00bbpreset5&#8243; text_text_color=\u00bb#ffffff\u00bb header_2_text_color=\u00bb#ffffff\u00bb text_text_shadow_style=\u00bbpreset5&#8243; header_2_text_shadow_style=\u00bbpreset5&#8243;]<\/p>\n<h2>Palabras de la Directora<\/h2>\n<p>[\/et_pb_text][et_pb_divider _builder_version=\u00bb4.4.6&#8243; background_color=\u00bbrgba(0,0,0,0)\u00bb width=\u00bb100%\u00bb custom_margin=\u00bb-30px||-104px\u00bb custom_padding=\u00bb3px||0px\u00bb hover_enabled=\u00bb0&#8243; color=\u00bb#ffffff\u00bb divider_style=\u00bbdouble\u00bb divider_weight=\u00bb5px\u00bb][\/et_pb_divider][\/et_pb_column][\/et_pb_row][\/et_pb_section][et_pb_section fb_built=\u00bb1&#8243; _builder_version=\u00bb4.4.6&#8243; background_color=\u00bb#c6c6c6&#8243;][et_pb_row column_structure=\u00bb2_5,3_5&#8243; _builder_version=\u00bb4.4.6&#8243;][et_pb_column type=\u00bb2_5&#8243; _builder_version=\u00bb3.25&#8243; custom_padding=\u00bb|||\u00bb custom_padding__hover=\u00bb|||\u00bb][et_pb_image _builder_version=\u00bb3.24.1&#8243;][\/et_pb_image][\/et_pb_column][et_pb_column type=\u00bb3_5&#8243; _builder_version=\u00bb3.25&#8243; custom_padding=\u00bb|||\u00bb custom_padding__hover=\u00bb|||\u00bb][et_pb_text _builder_version=\u00bb3.27.4&#8243;]<\/p>\n<p>\u00a0 \u00a0 \u00a0 \u00a0 \u00a0 \u00a0 \u00a0Sin duda la educaci\u00f3n es un elemento fundamental en la formaci\u00f3n de la persona y con ello en la conformaci\u00f3n de la sociedad. En este sentido, la responsabilidad que tenemos como colegio es fundamental. Actualmente, la formaci\u00f3n acad\u00e9mica, val\u00f3rica y afectiva de m\u00e1s de mil estudiantes de nuestra comuna y de comunas aleda\u00f1as est\u00e1 en nuestras manos.<\/p>\n<p>\u00a0 \u00a0 \u00a0 \u00a0 \u00a0 \u00a0 \u00a0Siendo conscientes de aquello, como instituci\u00f3n nos esforzamos por mejorar cada d\u00eda nuestras pr\u00e1cticas y con ello las experiencias de aprendizaje de nuestros estudiantes, esto nos ha llevado a ser una instituci\u00f3n educativa reconocida a nivel comunal, regional y nacional ya sea en el \u00e1mbito acad\u00e9mico, art\u00edstico, deportivo y\/o val\u00f3rico.<\/p>\n<p>\u00a0 \u00a0 \u00a0 \u00a0 \u00a0 \u00a0 \u00a0En este af\u00e1n de entregar una educaci\u00f3n de calidad, que permita a nuestros estudiantes desarrollar distintas dimensiones de su persona es que nos encontramos fortaleciendo la educaci\u00f3n inicial de nuestros ni\u00f1os y ni\u00f1as a trav\u00e9s de la m\u00fasica, el ingl\u00e9s, la iniciaci\u00f3n a la lectura y el desarrollo de habilidades motoras.<\/p>\n<p>\u00a0 \u00a0 \u00a0 \u00a0 \u00a0 \u00a0 \u00a0En los niveles siguientes la diversificaci\u00f3n de estrategias de aprendizaje que permitan una mayor experimentaci\u00f3n y el desarrollo de habilidades superiores es un foco en nuestro trabajo diario.<\/p>\n<p>\u00a0 \u00a0 \u00a0 \u00a0 \u00a0 \u00a0 \u00a0Sabemos, que la educaci\u00f3n superior es un objetivo importante en nuestros estudiantes de Ense\u00f1anza Media, por lo que procuramos acompa\u00f1arlos y prepararlos en el camino previo para que adem\u00e1s de acceder a la universidad tengan las competencias para desempe\u00f1arse en ella.<\/p>\n<p>\u00a0 \u00a0 \u00a0 \u00a0 \u00a0 \u00a0 \u00a0Respecto de la inclusi\u00f3n, tambi\u00e9n tenemos una gran responsabilidad, hemos sido pioneros en la incorporaci\u00f3n de cursos de educaci\u00f3n especial y con ello testigos de cada uno de los logros de nuestros estudiantes, quienes nos han demostrado que tener distintas capacidades no es limitante para el logro de nuestros objetivos, sino que es un factor que nos enriquece como comunidad educativa.<\/p>\n<p>\u00a0 \u00a0 \u00a0 \u00a0 \u00a0 \u00a0 \u00a0Considerando que el \u00e1mbito acad\u00e9mico es un aspecto fundamental en el desarrollo de la persona, pero que por s\u00ed solo no es suficiente, el colegio potencia el desarrollo de habilidades deportivas y art\u00edsticas junto a un conjunto de valores para la vida como lo son respeto, resiliencia, responsabilidad, honestidad, perseverancia, esfuerzo, inclusividad y afectividad.<\/p>\n<p>Si bien es cierto, nuestros logros como colegio son muchos, somos una comunidad que no se conforma con ello pues sabemos que a\u00fan nos queda por avanzar y en este sentido el apoyo de las familias es fundamental, la tarea de educar se inicia en casa y contin\u00faa de manera paralela a la educaci\u00f3n formal, por lo que el trabajo en conjunto entre colegio y familia facilitar\u00e1 el logro de las metas de nuestros estudiantes.<\/p>\n<p>&nbsp;<\/p>\n<p>&nbsp;<\/p>\n<p>Yoselyn Troncoso Rivera<\/p>\n<p>Directora<\/p>\n<p>[\/et_pb_text][\/et_pb_column][\/et_pb_row][\/et_pb_section]<\/p>\n","protected":false},"excerpt":{"rendered":"<p>Sin duda la educaci\u00f3n es un elemento fundamental en la formaci\u00f3n de la persona y con ello en la conformaci\u00f3n de la sociedad. En este sentido, la responsabilidad que tenemos como colegio es fundamental. Actualmente, la formaci\u00f3n acad\u00e9mica, val\u00f3rica y afectiva de m\u00e1s de mil estudiantes de nuestra comuna y de comunas aleda\u00f1as est\u00e1 en nuestras manos.<\/p>\n","protected":false},"author":1,"featured_media":0,"parent":503,"menu_order":0,"comment_status":"closed","ping_status":"closed","template":"","meta":{"_et_pb_use_builder":"on","_et_pb_old_content":"","_et_gb_content_width":"","footnotes":""},"class_list":["post-529","page","type-page","status-publish","hentry"],"_links":{"self":[{"href":"https:\/\/colegioangol.cl\/New\/wp-json\/wp\/v2\/pages\/529","targetHints":{"allow":["GET"]}}],"collection":[{"href":"https:\/\/colegioangol.cl\/New\/wp-json\/wp\/v2\/pages"}],"about":[{"href":"https:\/\/colegioangol.cl\/New\/wp-json\/wp\/v2\/types\/page"}],"author":[{"embeddable":true,"href":"https:\/\/colegioangol.cl\/New\/wp-json\/wp\/v2\/users\/1"}],"replies":[{"embeddable":true,"href":"https:\/\/colegioangol.cl\/New\/wp-json\/wp\/v2\/comments?post=529"}],"version-history":[{"count":9,"href":"https:\/\/colegioangol.cl\/New\/wp-json\/wp\/v2\/pages\/529\/revisions"}],"predecessor-version":[{"id":4505,"href":"https:\/\/colegioangol.cl\/New\/wp-json\/wp\/v2\/pages\/529\/revisions\/4505"}],"up":[{"embeddable":true,"href":"https:\/\/colegioangol.cl\/New\/wp-json\/wp\/v2\/pages\/503"}],"wp:attachment":[{"href":"https:\/\/colegioangol.cl\/New\/wp-json\/wp\/v2\/media?parent=529"}],"curies":[{"name":"wp","href":"https:\/\/api.w.org\/{rel}","templated":true}]}}